{"id":825,"date":"2023-06-27T09:55:20","date_gmt":"2023-06-27T07:55:20","guid":{"rendered":"https:\/\/ecolemaudkristen.com\/blog\/?page_id=825"},"modified":"2023-08-21T19:59:57","modified_gmt":"2023-08-21T17:59:57","slug":"lactualite-parapsy-et-divinatoire","status":"publish","type":"page","link":"https:\/\/ecolemaudkristen.com\/blog\/?page_id=825","title":{"rendered":"L\u2019actualit\u00e9 Parapsy et divinatoire"},"content":{"rendered":"<div class=\"post-grid\">\n<article id=\"post-996\" class=\"post-996 post type-post status-publish format-standard hentry category-non-classe tag-actualite\" itemscope=\"itemscope\" itemtype=\"http:\/\/schema.org\/BlogPosting\" itemprop=\"blogPost\">\n\n\t\t<div class=\"entry-meta-alt\">\n\t\t<ul>\n\t\t\t<li><i class=\"fa fa-user\"><\/i> <span class=\"byline\"> Par <span class=\"author vcard\">Maud Kristen<\/span><\/span><\/li>\n\t\t\t\t\t<\/ul>\n\t<\/div>\n\t\t\n\t<header class=\"entry-header\">\n\t\t<h2 class=\"entry-title2\" ><a href=\"https:\/\/ecolemaudkristen.com\/blog\/?p=996\" rel=\"bookmark\">YVES  LIGNON NOUS A QUITT\u00c9\u2026<\/a><\/h2>\t<\/header><!-- .entry-header -->\n\n\t\t<div class=\"entry-meta entry-meta-header\">\n\t\t<span class=\"posted-on\"><span class=\"posted-on-label\">Post\u00e9 sur<\/span> <a href=\"https:\/\/ecolemaudkristen.com\/blog\/?p=996\" rel=\"bookmark\"><time class=\"entry-date published\" datetime=\"2023-11-15T17:17:31+01:00\">15 novembre 2023<\/time><time class=\"updated\" datetime=\"2024-01-02T09:20:03+01:00\">2 janvier 2024<\/time><\/a><\/span>\t<\/div><!-- .entry-meta -->\n\t\t\n\t<div class=\"entry-content apercu\">\n\t\t\t\t<div class=\"thumb-apercu\">\n\t\t\t\t\t\t\t<figure class=\"post-thumbnail post-thumbnail-single\">\n\t\t\t\t\t<a href=\"https:\/\/ecolemaudkristen.com\/blog\/?p=996\">\n\t\t\t\t\t\t<img src=\"https:\/\/ecolemaudkristen.com\/blog\/wp-content\/uploads\/2023\/11\/Yves-LignonMK-1-300x214.png\" class=\"img-featured img-responsive wp-post-image\" alt=\"\" decoding=\"async\" loading=\"lazy\" sizes=\"(max-width: 800px) 100vw, 800px\">\t\n\t\t\t\t\t<\/a>\n\t\t\t\t<\/figure>\n\t\t\t\t\t\t<\/div>\n\t\t<a href=\"https:\/\/ecolemaudkristen.com\/blog\/?p=996\">\n\t\t<div class=\"content-apercu\">\n\t\t\t\n\t\t\t\t<p>Chercheur t\u00eatu et atypique, d\u00e9fenseur de la parapsychologie, Yves Lignon \u00e9tait un conf\u00e9rencier passionnant, l\u2019auteur de plusieurs ouvrages et de nombreux articles sur le paranormal \u2026<\/p> <p>D\u00e9non\u00e7ant avec courage l\u2019emprise id\u00e9ologique des sceptiques sur le monde des sciences, son travail permis d\u2019informer le grand public de la r\u00e9alit\u00e9 de nombreux ph\u00e9nom\u00e8nes parapsychologiques mise en \u00e9vidence par\u00a0des m\u00e9thodes exp\u00e9rimentales.<\/p> <p>Titulaire d\u2019une licence de math\u00e9matique, ma\u00eetre de conf\u00e9rence \u00e0 l&rsquo;Universit\u00e9 du Mirail, Il \u00e9tait le fondateur et\t\t<\/div>\n\t\t\t<\/a>\n\t<\/div><!-- .entry-content -->\n\n\t<div class=\"article-link\" style=\"margin-top:30px; margin-bottom: 50px;\">\n\t\t<p style=\"text-align: center;\"><button style=\"text-align: center; background: #ffffff; border: 3px solid #00A7CC; border-radius: 3px; padding: 10px 30px; font-weight: bold; color: #000000; display: inline-block;\"><a href=\"https:\/\/ecolemaudkristen.com\/blog\/?p=996\"><span style=\"color: #00a7cc; font-size: 18px;\">Continuer la lecture<\/span><\/a><\/button><\/p>\n\t<\/div>\n\t\n\t\n<\/article><!-- #post-## -->\n\n<style type=\"text\/css\">\n\tfooter > span > a{display: none;}\n\t.apercu{\n\t\tmax-height: 680px;\n\t\toverflow: hidden;\n\t\tmargin-bottom: 30px;\n\t}\n\t.apercu:after {\n\t\tbackground-image: linear-gradient(180deg,hsla(0,0%,100%,0),#fffcf7 72%);\n\t\tbottom: 110px;\n\t\tcontent: \"\";\n\t\tdisplay: block;\n\t\theight: 200px;\n\t\tleft: 0;\n\t\tposition: absolute;\n\t\twidth: 100%;\n\t\tz-index: 10;\n\t}\n\t.addtoany_share_save_container{\n\t\tdisplay: none;\n\t}\n\n\t.apercu .wp-caption, .apercu hr{\n\t\tdisplay: none;\n\t} \n\n\t.apercu > .thumb-apercu, .post-thumbnail {\n    \tmax-height: 305px;\n    \toverflow: hidden;\n    \tbox-shadow: inset 0px -10px 29px rgb(0 0 0 \/ 4%);\n    \t\/*margin-bottom: 20px;*\/\n\t}\n\n\t.entry-meta-footer:after {\n\t\tborder-bottom: 4px solid #fff !important;\n\t}\n\n\t.content-apercu{\n\t\tbackground: #b3b0b017;\n\t\tpadding: 2%;\n    \tpadding-top: 20px;\n\t}\n\n\t#post-695 > div.entry-content.apercu > div.thumb-apercu > figure > a > img, #post-166 > div.entry-content.apercu > div.thumb-apercu > figure > a > img,\n\t#post-119 > div.entry-content.apercu > div.thumb-apercu > figure > a > img{\n\t\t    max-width: 190px;\n\t}\n\n\t#post-707 > div.entry-content.apercu > div.thumb-apercu > figure > a > img{\n\t\t    max-width: 160px;\n\t}\n\n\t #post-526 > div.entry-content.apercu > div.thumb-apercu > figure > a > img,\n\t#post-322 > div.entry-content.apercu > div.thumb-apercu > figure > a > img{\n\t\t    max-width: 370px;\n\t}\n\n<\/style>\n<article id=\"post-843\" class=\"post-843 post type-post status-publish format-standard hentry category-non-classe tag-actualite\" itemscope=\"itemscope\" itemtype=\"http:\/\/schema.org\/BlogPosting\" itemprop=\"blogPost\">\n\n\t\t<div class=\"entry-meta-alt\">\n\t\t<ul>\n\t\t\t<li><i class=\"fa fa-user\"><\/i> <span class=\"byline\"> Par <span class=\"author vcard\">Maud Kristen<\/span><\/span><\/li>\n\t\t\t\t\t<\/ul>\n\t<\/div>\n\t\t\n\t<header class=\"entry-header\">\n\t\t<h2 class=\"entry-title2\" ><a href=\"https:\/\/ecolemaudkristen.com\/blog\/?p=843\" rel=\"bookmark\">DIVINATION\u00a0: USAGE, ETHIQUE ET TECHNIQUE\u00a0: UN PODCAST GRATUIT EST DISPONIBLE<\/a><\/h2>\t<\/header><!-- .entry-header -->\n\n\t\t<div class=\"entry-meta entry-meta-header\">\n\t\t<span class=\"posted-on\"><span class=\"posted-on-label\">Post\u00e9 sur<\/span> <a href=\"https:\/\/ecolemaudkristen.com\/blog\/?p=843\" rel=\"bookmark\"><time class=\"entry-date published\" datetime=\"2023-06-28T03:00:48+02:00\">28 juin 2023<\/time><time class=\"updated\" datetime=\"2023-06-28T16:52:40+02:00\">28 juin 2023<\/time><\/a><\/span>\t<\/div><!-- .entry-meta -->\n\t\t\n\t<div class=\"entry-content apercu\">\n\t\t\t\t<div class=\"thumb-apercu\">\n\t\t\t\t\t\t\t<figure class=\"post-thumbnail post-thumbnail-single\">\n\t\t\t\t\t<a href=\"https:\/\/ecolemaudkristen.com\/blog\/?p=843\">\n\t\t\t\t\t\t<img src=\"https:\/\/ecolemaudkristen.com\/blog\/wp-content\/uploads\/2023\/06\/Image-podcast--1024x379.png\" class=\"img-featured img-responsive wp-post-image\" alt=\"\" decoding=\"async\" loading=\"lazy\" sizes=\"(max-width: 800px) 100vw, 800px\">\t\n\t\t\t\t\t<\/a>\n\t\t\t\t<\/figure>\n\t\t\t\t\t\t<\/div>\n\t\t<a href=\"https:\/\/ecolemaudkristen.com\/blog\/?p=843\">\n\t\t<div class=\"content-apercu\">\n\t\t\t\n\t\t\t\t<p>\u2026 Si vous poss\u00e9dez un petit jeu de carte divinatoire qui traine dans l\u2019un de vos tiroirs sans savoir l\u2019utiliser cet \u00e9pisode est fait pour vous \u2026<br \/> Quelle la diff\u00e9rence entre <span style=\"color: #800000;\">les mancies et les oracles ?<\/span> Les visions ne passent-t-elles que par la vue ? Comment faire dialoguer nos intuitions entre elles ? Quels sont les points communs entre <span style=\"color: #800000;\">l\u2019\u00e9veil spirituel et la pratique de la divination\u00a0?<\/span><br \/> Existe-t-il\t\t<\/div>\n\t\t\t<\/a>\n\t<\/div><!-- .entry-content -->\n\n\t<div class=\"article-link\" style=\"margin-top:30px; margin-bottom: 50px;\">\n\t\t<p style=\"text-align: center;\"><button style=\"text-align: center; background: #ffffff; border: 3px solid #00A7CC; border-radius: 3px; padding: 10px 30px; font-weight: bold; color: #000000; display: inline-block;\"><a href=\"https:\/\/ecolemaudkristen.com\/blog\/?p=843\"><span style=\"color: #00a7cc; font-size: 18px;\">Continuer la lecture<\/span><\/a><\/button><\/p>\n\t<\/div>\n\t\n\t\n<\/article><!-- #post-## -->\n\n<style type=\"text\/css\">\n\tfooter > span > a{display: none;}\n\t.apercu{\n\t\tmax-height: 680px;\n\t\toverflow: hidden;\n\t\tmargin-bottom: 30px;\n\t}\n\t.apercu:after {\n\t\tbackground-image: linear-gradient(180deg,hsla(0,0%,100%,0),#fffcf7 72%);\n\t\tbottom: 110px;\n\t\tcontent: \"\";\n\t\tdisplay: block;\n\t\theight: 200px;\n\t\tleft: 0;\n\t\tposition: absolute;\n\t\twidth: 100%;\n\t\tz-index: 10;\n\t}\n\t.addtoany_share_save_container{\n\t\tdisplay: none;\n\t}\n\n\t.apercu .wp-caption, .apercu hr{\n\t\tdisplay: none;\n\t} \n\n\t.apercu > .thumb-apercu, .post-thumbnail {\n    \tmax-height: 305px;\n    \toverflow: hidden;\n    \tbox-shadow: inset 0px -10px 29px rgb(0 0 0 \/ 4%);\n    \t\/*margin-bottom: 20px;*\/\n\t}\n\n\t.entry-meta-footer:after {\n\t\tborder-bottom: 4px solid #fff !important;\n\t}\n\n\t.content-apercu{\n\t\tbackground: #b3b0b017;\n\t\tpadding: 2%;\n    \tpadding-top: 20px;\n\t}\n\n\t#post-695 > div.entry-content.apercu > div.thumb-apercu > figure > a > img, #post-166 > div.entry-content.apercu > div.thumb-apercu > figure > a > img,\n\t#post-119 > div.entry-content.apercu > div.thumb-apercu > figure > a > img{\n\t\t    max-width: 190px;\n\t}\n\n\t#post-707 > div.entry-content.apercu > div.thumb-apercu > figure > a > img{\n\t\t    max-width: 160px;\n\t}\n\n\t #post-526 > div.entry-content.apercu > div.thumb-apercu > figure > a > img,\n\t#post-322 > div.entry-content.apercu > div.thumb-apercu > figure > a > img{\n\t\t    max-width: 370px;\n\t}\n\n<\/style>\n<article id=\"post-695\" class=\"post-695 post type-post status-publish format-standard hentry category-articles-maud-kristen tag-actualite\" itemscope=\"itemscope\" itemtype=\"http:\/\/schema.org\/BlogPosting\" itemprop=\"blogPost\">\n\n\t\t<div class=\"entry-meta-alt\">\n\t\t<ul>\n\t\t\t<li><i class=\"fa fa-user\"><\/i> <span class=\"byline\"> Par <span class=\"author vcard\">Maud Kristen<\/span><\/span><\/li>\n\t\t\t\t\t<\/ul>\n\t<\/div>\n\t\t\n\t<header class=\"entry-header\">\n\t\t<h2 class=\"entry-title2\" ><a href=\"https:\/\/ecolemaudkristen.com\/blog\/?p=695\" rel=\"bookmark\">Marcel Proust \u00e9tait-il voyant\u00a0?<\/a><\/h2>\t<\/header><!-- .entry-header -->\n\n\t\t<div class=\"entry-meta entry-meta-header\">\n\t\t<span class=\"posted-on\"><span class=\"posted-on-label\">Post\u00e9 sur<\/span> <a href=\"https:\/\/ecolemaudkristen.com\/blog\/?p=695\" rel=\"bookmark\"><time class=\"entry-date published\" datetime=\"2023-03-07T01:49:08+01:00\">7 mars 2023<\/time><time class=\"updated\" datetime=\"2023-12-05T10:25:23+01:00\">5 d\u00e9cembre 2023<\/time><\/a><\/span>\t<\/div><!-- .entry-meta -->\n\t\t\n\t<div class=\"entry-content apercu\">\n\t\t\t\t<div class=\"thumb-apercu\">\n\t\t\t\t\t\t\t<figure class=\"post-thumbnail post-thumbnail-single\">\n\t\t\t\t\t<a href=\"https:\/\/ecolemaudkristen.com\/blog\/?p=695\">\n\t\t\t\t\t\t<img src=\"https:\/\/ecolemaudkristen.com\/blog\/wp-content\/uploads\/2023\/08\/proust-voyant.png\" class=\"img-featured img-responsive wp-post-image\" alt=\"\" decoding=\"async\" loading=\"lazy\" sizes=\"(max-width: 800px) 100vw, 800px\">\t\n\t\t\t\t\t<\/a>\n\t\t\t\t<\/figure>\n\t\t\t\t\t\t<\/div>\n\t\t<a href=\"https:\/\/ecolemaudkristen.com\/blog\/?p=695\">\n\t\t<div class=\"content-apercu\">\n\t\t\t\n\t\t\t\t<h2 style=\"text-align: center;\"><span style=\"color: #800000;\">Parisiens, ne ratez pas la conf\u00e9rence de Bertrand M\u00e9heust <\/span><\/h2> <h2 style=\"text-align: center;\"><span style=\"color: #800000;\">le 11 Mars 2023 \u2026<\/span><\/h2> <p><span style=\"color: #800000;\">\u00ab\u00a0Proust Voyant\u00a0\u00bb<\/span> c\u2019est la th\u00e8se d\u00e9fendue par <span style=\"color: #800000;\">Bertrand M\u00e9heust<\/span> <span style=\"color: #800000;\">dans son nouvel essai.<\/span><br \/> Et elle m\u2019a convaincue.<br \/> <span style=\"color: #800000;\">Marcel Proust, voyageur de l\u2019esprit,<\/span> travaillait dans une chambre close et tentait de revivre son pass\u00e9 en le transfigurant par l\u2019\u00e9criture. Mais un lien existe-t-il\t\t<\/div>\n\t\t\t<\/a>\n\t<\/div><!-- .entry-content -->\n\n\t<div class=\"article-link\" style=\"margin-top:30px; margin-bottom: 50px;\">\n\t\t<p style=\"text-align: center;\"><button style=\"text-align: center; background: #ffffff; border: 3px solid #00A7CC; border-radius: 3px; padding: 10px 30px; font-weight: bold; color: #000000; display: inline-block;\"><a href=\"https:\/\/ecolemaudkristen.com\/blog\/?p=695\"><span style=\"color: #00a7cc; font-size: 18px;\">Continuer la lecture<\/span><\/a><\/button><\/p>\n\t<\/div>\n\t\n\t\n<\/article><!-- #post-## -->\n\n<style type=\"text\/css\">\n\tfooter > span > a{display: none;}\n\t.apercu{\n\t\tmax-height: 680px;\n\t\toverflow: hidden;\n\t\tmargin-bottom: 30px;\n\t}\n\t.apercu:after {\n\t\tbackground-image: linear-gradient(180deg,hsla(0,0%,100%,0),#fffcf7 72%);\n\t\tbottom: 110px;\n\t\tcontent: \"\";\n\t\tdisplay: block;\n\t\theight: 200px;\n\t\tleft: 0;\n\t\tposition: absolute;\n\t\twidth: 100%;\n\t\tz-index: 10;\n\t}\n\t.addtoany_share_save_container{\n\t\tdisplay: none;\n\t}\n\n\t.apercu .wp-caption, .apercu hr{\n\t\tdisplay: none;\n\t} \n\n\t.apercu > .thumb-apercu, .post-thumbnail {\n    \tmax-height: 305px;\n    \toverflow: hidden;\n    \tbox-shadow: inset 0px -10px 29px rgb(0 0 0 \/ 4%);\n    \t\/*margin-bottom: 20px;*\/\n\t}\n\n\t.entry-meta-footer:after {\n\t\tborder-bottom: 4px solid #fff !important;\n\t}\n\n\t.content-apercu{\n\t\tbackground: #b3b0b017;\n\t\tpadding: 2%;\n    \tpadding-top: 20px;\n\t}\n\n\t#post-695 > div.entry-content.apercu > div.thumb-apercu > figure > a > img, #post-166 > div.entry-content.apercu > div.thumb-apercu > figure > a > img,\n\t#post-119 > div.entry-content.apercu > div.thumb-apercu > figure > a > img{\n\t\t    max-width: 190px;\n\t}\n\n\t#post-707 > div.entry-content.apercu > div.thumb-apercu > figure > a > img{\n\t\t    max-width: 160px;\n\t}\n\n\t #post-526 > div.entry-content.apercu > div.thumb-apercu > figure > a > img,\n\t#post-322 > div.entry-content.apercu > div.thumb-apercu > figure > a > img{\n\t\t    max-width: 370px;\n\t}\n\n<\/style>\n<article id=\"post-650\" class=\"post-650 post type-post status-publish format-standard hentry category-articles-maud-kristen category-medias tag-actualite\" itemscope=\"itemscope\" itemtype=\"http:\/\/schema.org\/BlogPosting\" itemprop=\"blogPost\">\n\n\t\t<div class=\"entry-meta-alt\">\n\t\t<ul>\n\t\t\t<li><i class=\"fa fa-user\"><\/i> <span class=\"byline\"> Par <span class=\"author vcard\">Maud Kristen<\/span><\/span><\/li>\n\t\t\t\t\t<\/ul>\n\t<\/div>\n\t\t\n\t<header class=\"entry-header\">\n\t\t<h2 class=\"entry-title2\" ><a href=\"https:\/\/ecolemaudkristen.com\/blog\/?p=650\" rel=\"bookmark\">Voyance et spiritualit\u00e9 : mon interview est en ligne (podcast)<\/a><\/h2>\t<\/header><!-- .entry-header -->\n\n\t\t<div class=\"entry-meta entry-meta-header\">\n\t\t<span class=\"posted-on\"><span class=\"posted-on-label\">Post\u00e9 sur<\/span> <a href=\"https:\/\/ecolemaudkristen.com\/blog\/?p=650\" rel=\"bookmark\"><time class=\"entry-date published\" datetime=\"2023-01-23T17:58:29+01:00\">23 janvier 2023<\/time><time class=\"updated\" datetime=\"2023-06-27T10:18:37+02:00\">27 juin 2023<\/time><\/a><\/span>\t<\/div><!-- .entry-meta -->\n\t\t\n\t<div class=\"entry-content apercu\">\n\t\t\t\t<div class=\"thumb-apercu\">\n\t\t\t\t\t\t\t<figure class=\"post-thumbnail post-thumbnail-single\">\n\t\t\t\t\t<a href=\"https:\/\/ecolemaudkristen.com\/blog\/?p=650\">\n\t\t\t\t\t\t<img src=\"https:\/\/ecolemaudkristen.com\/blog\/wp-content\/uploads\/2023\/01\/Image1.png\" class=\"img-featured img-responsive wp-post-image\" alt=\"\" decoding=\"async\" loading=\"lazy\" sizes=\"(max-width: 800px) 100vw, 800px\">\t\n\t\t\t\t\t<\/a>\n\t\t\t\t<\/figure>\n\t\t\t\t\t\t<\/div>\n\t\t<a href=\"https:\/\/ecolemaudkristen.com\/blog\/?p=650\">\n\t\t<div class=\"content-apercu\">\n\t\t\t\n\t\t\t\t<p>Retrouvez mon interview sur <span style=\"color: #800000;\">\u00ab La petite Lanterne \u00bb<\/span> <span style=\"color: #800000;\">un nouveau m\u00e9dia d\u00e9di\u00e9 aux questions philosophiques, spirituelles et soci\u00e9tales cr\u00e9e par Jismy Maillot \u2026<\/span> dont l\u2019objet est de mettre un peu de lumi\u00e8re sur ce que notre \u00e9poque laisse trop souvent dans l\u2019ombre.<\/p> <p>La divination est-elle vraiment l\u2019ennemie du libre arbitre ? D\u2019o\u00f9 proviennent les informations extrasensorielles\u00a0? Pourquoi les peuples premiers placent les pratiques divinatoires au centre de leur processus de\t\t<\/div>\n\t\t\t<\/a>\n\t<\/div><!-- .entry-content -->\n\n\t<div class=\"article-link\" style=\"margin-top:30px; margin-bottom: 50px;\">\n\t\t<p style=\"text-align: center;\"><button style=\"text-align: center; background: #ffffff; border: 3px solid #00A7CC; border-radius: 3px; padding: 10px 30px; font-weight: bold; color: #000000; display: inline-block;\"><a href=\"https:\/\/ecolemaudkristen.com\/blog\/?p=650\"><span style=\"color: #00a7cc; font-size: 18px;\">Continuer la lecture<\/span><\/a><\/button><\/p>\n\t<\/div>\n\t\n\t\n<\/article><!-- #post-## -->\n\n<style type=\"text\/css\">\n\tfooter > span > a{display: none;}\n\t.apercu{\n\t\tmax-height: 680px;\n\t\toverflow: hidden;\n\t\tmargin-bottom: 30px;\n\t}\n\t.apercu:after {\n\t\tbackground-image: linear-gradient(180deg,hsla(0,0%,100%,0),#fffcf7 72%);\n\t\tbottom: 110px;\n\t\tcontent: \"\";\n\t\tdisplay: block;\n\t\theight: 200px;\n\t\tleft: 0;\n\t\tposition: absolute;\n\t\twidth: 100%;\n\t\tz-index: 10;\n\t}\n\t.addtoany_share_save_container{\n\t\tdisplay: none;\n\t}\n\n\t.apercu .wp-caption, .apercu hr{\n\t\tdisplay: none;\n\t} \n\n\t.apercu > .thumb-apercu, .post-thumbnail {\n    \tmax-height: 305px;\n    \toverflow: hidden;\n    \tbox-shadow: inset 0px -10px 29px rgb(0 0 0 \/ 4%);\n    \t\/*margin-bottom: 20px;*\/\n\t}\n\n\t.entry-meta-footer:after {\n\t\tborder-bottom: 4px solid #fff !important;\n\t}\n\n\t.content-apercu{\n\t\tbackground: #b3b0b017;\n\t\tpadding: 2%;\n    \tpadding-top: 20px;\n\t}\n\n\t#post-695 > div.entry-content.apercu > div.thumb-apercu > figure > a > img, #post-166 > div.entry-content.apercu > div.thumb-apercu > figure > a > img,\n\t#post-119 > div.entry-content.apercu > div.thumb-apercu > figure > a > img{\n\t\t    max-width: 190px;\n\t}\n\n\t#post-707 > div.entry-content.apercu > div.thumb-apercu > figure > a > img{\n\t\t    max-width: 160px;\n\t}\n\n\t #post-526 > div.entry-content.apercu > div.thumb-apercu > figure > a > img,\n\t#post-322 > div.entry-content.apercu > div.thumb-apercu > figure > a > img{\n\t\t    max-width: 370px;\n\t}\n\n<\/style>\n<article id=\"post-526\" class=\"post-526 post type-post status-publish format-standard hentry category-articles-maud-kristen tag-actualite\" itemscope=\"itemscope\" itemtype=\"http:\/\/schema.org\/BlogPosting\" itemprop=\"blogPost\">\n\n\t\t<div class=\"entry-meta-alt\">\n\t\t<ul>\n\t\t\t<li><i class=\"fa fa-user\"><\/i> <span class=\"byline\"> Par <span class=\"author vcard\">Maud Kristen<\/span><\/span><\/li>\n\t\t\t\t\t<\/ul>\n\t<\/div>\n\t\t\n\t<header class=\"entry-header\">\n\t\t<h2 class=\"entry-title2\" ><a href=\"https:\/\/ecolemaudkristen.com\/blog\/?p=526\" rel=\"bookmark\">Amateurs et praticiens du YI-JING, cette exp\u00e9rience est pour vous &#8230;<\/a><\/h2>\t<\/header><!-- .entry-header -->\n\n\t\t<div class=\"entry-meta entry-meta-header\">\n\t\t<span class=\"posted-on\"><span class=\"posted-on-label\">Post\u00e9 sur<\/span> <a href=\"https:\/\/ecolemaudkristen.com\/blog\/?p=526\" rel=\"bookmark\"><time class=\"entry-date published\" datetime=\"2022-07-24T18:06:17+02:00\">24 juillet 2022<\/time><time class=\"updated\" datetime=\"2023-06-27T10:20:34+02:00\">27 juin 2023<\/time><\/a><\/span>\t<\/div><!-- .entry-meta -->\n\t\t\n\t<div class=\"entry-content apercu\">\n\t\t\t\t<div class=\"thumb-apercu\">\n\t\t\t\t\t\t\t<figure class=\"post-thumbnail post-thumbnail-single\">\n\t\t\t\t\t<a href=\"https:\/\/ecolemaudkristen.com\/blog\/?p=526\">\n\t\t\t\t\t\t<img src=\"https:\/\/ecolemaudkristen.com\/blog\/wp-content\/uploads\/2022\/07\/IMG_6694-1024x675.jpeg\" class=\"img-featured img-responsive wp-post-image\" alt=\"\" decoding=\"async\" loading=\"lazy\" sizes=\"(max-width: 800px) 100vw, 800px\">\t\n\t\t\t\t\t<\/a>\n\t\t\t\t<\/figure>\n\t\t\t\t\t\t<\/div>\n\t\t<a href=\"https:\/\/ecolemaudkristen.com\/blog\/?p=526\">\n\t\t<div class=\"content-apercu\">\n\t\t\t\n\t\t\t\t<p>Si vous \u00eates bluff\u00e9(e) par la pertinence des r\u00e9ponses obtenues lorsque vous interrogez le<span style=\"color: #800000;\"> Yi-Jing,<\/span> c\u2019est le moment de <span style=\"color: #800000;\">participer comme moi \u00e0 une exp\u00e9rience toute simple \u2013 mais r\u00e9volutionnaire-<\/span> <span style=\"color: #800000;\">qui permet d\u2019exp\u00e9rimenter collectivement les synchronicit\u00e9s.<\/span> Elle ne vous prendra que quelques minutes par mois et pourrait bien <span style=\"color: #800000;\">d\u00e9montrer que nous sommes tous reli\u00e9s et que les r\u00e9ponses du fabuleux livre des transformations ne sont pas le\t\t<\/div>\n\t\t\t<\/a>\n\t<\/div><!-- .entry-content -->\n\n\t<div class=\"article-link\" style=\"margin-top:30px; margin-bottom: 50px;\">\n\t\t<p style=\"text-align: center;\"><button style=\"text-align: center; background: #ffffff; border: 3px solid #00A7CC; border-radius: 3px; padding: 10px 30px; font-weight: bold; color: #000000; display: inline-block;\"><a href=\"https:\/\/ecolemaudkristen.com\/blog\/?p=526\"><span style=\"color: #00a7cc; font-size: 18px;\">Continuer la lecture<\/span><\/a><\/button><\/p>\n\t<\/div>\n\t\n\t\n<\/article><!-- #post-## -->\n\n<style type=\"text\/css\">\n\tfooter > span > a{display: none;}\n\t.apercu{\n\t\tmax-height: 680px;\n\t\toverflow: hidden;\n\t\tmargin-bottom: 30px;\n\t}\n\t.apercu:after {\n\t\tbackground-image: linear-gradient(180deg,hsla(0,0%,100%,0),#fffcf7 72%);\n\t\tbottom: 110px;\n\t\tcontent: \"\";\n\t\tdisplay: block;\n\t\theight: 200px;\n\t\tleft: 0;\n\t\tposition: absolute;\n\t\twidth: 100%;\n\t\tz-index: 10;\n\t}\n\t.addtoany_share_save_container{\n\t\tdisplay: none;\n\t}\n\n\t.apercu .wp-caption, .apercu hr{\n\t\tdisplay: none;\n\t} \n\n\t.apercu > .thumb-apercu, .post-thumbnail {\n    \tmax-height: 305px;\n    \toverflow: hidden;\n    \tbox-shadow: inset 0px -10px 29px rgb(0 0 0 \/ 4%);\n    \t\/*margin-bottom: 20px;*\/\n\t}\n\n\t.entry-meta-footer:after {\n\t\tborder-bottom: 4px solid #fff !important;\n\t}\n\n\t.content-apercu{\n\t\tbackground: #b3b0b017;\n\t\tpadding: 2%;\n    \tpadding-top: 20px;\n\t}\n\n\t#post-695 > div.entry-content.apercu > div.thumb-apercu > figure > a > img, #post-166 > div.entry-content.apercu > div.thumb-apercu > figure > a > img,\n\t#post-119 > div.entry-content.apercu > div.thumb-apercu > figure > a > img{\n\t\t    max-width: 190px;\n\t}\n\n\t#post-707 > div.entry-content.apercu > div.thumb-apercu > figure > a > img{\n\t\t    max-width: 160px;\n\t}\n\n\t #post-526 > div.entry-content.apercu > div.thumb-apercu > figure > a > img,\n\t#post-322 > div.entry-content.apercu > div.thumb-apercu > figure > a > img{\n\t\t    max-width: 370px;\n\t}\n\n<\/style><\/div>\n","protected":false},"excerpt":{"rendered":"","protected":false},"author":1,"featured_media":0,"parent":0,"menu_order":0,"comment_status":"closed","ping_status":"closed","template":"","meta":{"footnotes":""},"class_list":["post-825","page","type-page","status-publish","hentry"],"aioseo_notices":[],"_links":{"self":[{"href":"https:\/\/ecolemaudkristen.com\/blog\/index.php?rest_route=\/wp\/v2\/pages\/825","targetHints":{"allow":["GET"]}}],"collection":[{"href":"https:\/\/ecolemaudkristen.com\/blog\/index.php?rest_route=\/wp\/v2\/pages"}],"about":[{"href":"https:\/\/ecolemaudkristen.com\/blog\/index.php?rest_route=\/wp\/v2\/types\/page"}],"author":[{"embeddable":true,"href":"https:\/\/ecolemaudkristen.com\/blog\/index.php?rest_route=\/wp\/v2\/users\/1"}],"replies":[{"embeddable":true,"href":"https:\/\/ecolemaudkristen.com\/blog\/index.php?rest_route=%2Fwp%2Fv2%2Fcomments&post=825"}],"version-history":[{"count":2,"href":"https:\/\/ecolemaudkristen.com\/blog\/index.php?rest_route=\/wp\/v2\/pages\/825\/revisions"}],"predecessor-version":[{"id":919,"href":"https:\/\/ecolemaudkristen.com\/blog\/index.php?rest_route=\/wp\/v2\/pages\/825\/revisions\/919"}],"wp:attachment":[{"href":"https:\/\/ecolemaudkristen.com\/blog\/index.php?rest_route=%2Fwp%2Fv2%2Fmedia&parent=825"}],"curies":[{"name":"wp","href":"https:\/\/api.w.org\/{rel}","templated":true}]}}