{"id":811,"date":"2023-06-27T08:45:06","date_gmt":"2023-06-27T06:45:06","guid":{"rendered":"https:\/\/ecolemaudkristen.com\/blog\/?page_id=811"},"modified":"2023-08-21T20:01:10","modified_gmt":"2023-08-21T18:01:10","slug":"tout-sur-le-tarot-2","status":"publish","type":"page","link":"https:\/\/ecolemaudkristen.com\/blog\/?page_id=811","title":{"rendered":"Tout sur le tarot"},"content":{"rendered":"<div class=\"post-grid\">\n<article id=\"post-1211\" class=\"post-1211 post type-post status-publish format-standard hentry category-articles-maud-kristen tag-tarot\" itemscope=\"itemscope\" itemtype=\"http:\/\/schema.org\/BlogPosting\" itemprop=\"blogPost\">\n\n\t\t<div class=\"entry-meta-alt\">\n\t\t<ul>\n\t\t\t<li><i class=\"fa fa-user\"><\/i> <span class=\"byline\"> Par <span class=\"author vcard\">Maud Kristen<\/span><\/span><\/li>\n\t\t\t\t\t<\/ul>\n\t<\/div>\n\t\t\n\t<header class=\"entry-header\">\n\t\t<h2 class=\"entry-title2\" ><a href=\"https:\/\/ecolemaudkristen.com\/blog\/?p=1211\" rel=\"bookmark\">Comme l\u2019oc\u00e9an\u2026<\/a><\/h2>\t<\/header><!-- .entry-header -->\n\n\t\t<div class=\"entry-meta entry-meta-header\">\n\t\t<span class=\"posted-on\"><span class=\"posted-on-label\">Post\u00e9 sur<\/span> <a href=\"https:\/\/ecolemaudkristen.com\/blog\/?p=1211\" rel=\"bookmark\"><time class=\"entry-date published\" datetime=\"2024-07-04T08:21:02+02:00\">4 juillet 2024<\/time><time class=\"updated\" datetime=\"2024-07-04T19:03:27+02:00\">4 juillet 2024<\/time><\/a><\/span>\t<\/div><!-- .entry-meta -->\n\t\t\n\t<div class=\"entry-content apercu\">\n\t\t\t\t<div class=\"thumb-apercu\">\n\t\t\t\t\t\t\t<figure class=\"post-thumbnail post-thumbnail-single\">\n\t\t\t\t\t<a href=\"https:\/\/ecolemaudkristen.com\/blog\/?p=1211\">\n\t\t\t\t\t\t<img src=\"https:\/\/ecolemaudkristen.com\/blog\/wp-content\/uploads\/2024\/07\/Vague-original-BIS.jpeg\" class=\"img-featured img-responsive wp-post-image\" alt=\"\" decoding=\"async\" loading=\"lazy\" sizes=\"(max-width: 800px) 100vw, 800px\">\t\n\t\t\t\t\t<\/a>\n\t\t\t\t<\/figure>\n\t\t\t\t\t\t<\/div>\n\t\t<a href=\"https:\/\/ecolemaudkristen.com\/blog\/?p=1211\">\n\t\t<div class=\"content-apercu\">\n\t\t\t\n\t\t\t\t<h2><span style=\"color: #800080;\">COMME L&rsquo;OC\u00c9AN&#8230;<\/span><\/h2> <h3>Quelle soit la mani\u00e8re dont nous traversons la vie, nos existences seront travers\u00e9es par les <span style=\"color: #800080;\">vagues.<\/span><br \/> Celles, immenses, du monde qui nous entoure, et dont les courants nous portent ou nous entrave\u2026<\/h3> <p>A ces vagues ext\u00e9rieures, s\u2019ajoutent celles de nos <span style=\"color: #800080;\">sentiments et nos \u00e9motions<\/span> qui croissent d\u00e9ferlent et disparaissent, aussit\u00f4t remplac\u00e9s par d\u2019autres, amplifi\u00e9es par les courants contraires de nos d\u00e9sirs et de nos peurs.<\/p> <p>Pas\t\t<\/div>\n\t\t\t<\/a>\n\t<\/div><!-- .entry-content -->\n\n\t<div class=\"article-link\" style=\"margin-top:30px; margin-bottom: 50px;\">\n\t\t<p style=\"text-align: center;\"><button style=\"text-align: center; background: #ffffff; border: 3px solid #00A7CC; border-radius: 3px; padding: 10px 30px; font-weight: bold; color: #000000; display: inline-block;\"><a href=\"https:\/\/ecolemaudkristen.com\/blog\/?p=1211\"><span style=\"color: #00a7cc; font-size: 18px;\">Continuer la lecture<\/span><\/a><\/button><\/p>\n\t<\/div>\n\t\n\t\n<\/article><!-- #post-## -->\n\n<style type=\"text\/css\">\n\tfooter > span > a{display: none;}\n\t.apercu{\n\t\tmax-height: 680px;\n\t\toverflow: hidden;\n\t\tmargin-bottom: 30px;\n\t}\n\t.apercu:after {\n\t\tbackground-image: linear-gradient(180deg,hsla(0,0%,100%,0),#fffcf7 72%);\n\t\tbottom: 110px;\n\t\tcontent: \"\";\n\t\tdisplay: block;\n\t\theight: 200px;\n\t\tleft: 0;\n\t\tposition: absolute;\n\t\twidth: 100%;\n\t\tz-index: 10;\n\t}\n\t.addtoany_share_save_container{\n\t\tdisplay: none;\n\t}\n\n\t.apercu .wp-caption, .apercu hr{\n\t\tdisplay: none;\n\t} \n\n\t.apercu > .thumb-apercu, .post-thumbnail {\n    \tmax-height: 305px;\n    \toverflow: hidden;\n    \tbox-shadow: inset 0px -10px 29px rgb(0 0 0 \/ 4%);\n    \t\/*margin-bottom: 20px;*\/\n\t}\n\n\t.entry-meta-footer:after {\n\t\tborder-bottom: 4px solid #fff !important;\n\t}\n\n\t.content-apercu{\n\t\tbackground: #b3b0b017;\n\t\tpadding: 2%;\n    \tpadding-top: 20px;\n\t}\n\n\t#post-695 > div.entry-content.apercu > div.thumb-apercu > figure > a > img, #post-166 > div.entry-content.apercu > div.thumb-apercu > figure > a > img,\n\t#post-119 > div.entry-content.apercu > div.thumb-apercu > figure > a > img{\n\t\t    max-width: 190px;\n\t}\n\n\t#post-707 > div.entry-content.apercu > div.thumb-apercu > figure > a > img{\n\t\t    max-width: 160px;\n\t}\n\n\t #post-526 > div.entry-content.apercu > div.thumb-apercu > figure > a > img,\n\t#post-322 > div.entry-content.apercu > div.thumb-apercu > figure > a > img{\n\t\t    max-width: 370px;\n\t}\n\n<\/style>\n<article id=\"post-1159\" class=\"post-1159 post type-post status-publish format-standard has-post-thumbnail hentry category-non-classe category-oracle-de-belline category-seminaire-tarot tag-belline tag-tarot\" itemscope=\"itemscope\" itemtype=\"http:\/\/schema.org\/BlogPosting\" itemprop=\"blogPost\">\n\n\t\t<div class=\"entry-meta-alt\">\n\t\t<ul>\n\t\t\t<li><i class=\"fa fa-user\"><\/i> <span class=\"byline\"> Par <span class=\"author vcard\">Maud Kristen<\/span><\/span><\/li>\n\t\t\t\t\t<\/ul>\n\t<\/div>\n\t\t\n\t<header class=\"entry-header\">\n\t\t<h2 class=\"entry-title2\" ><a href=\"https:\/\/ecolemaudkristen.com\/blog\/?p=1159\" rel=\"bookmark\">Clairvoyance, cartes et oracles : Comment se relier \u00e0 son 6e sens ?<\/a><\/h2>\t<\/header><!-- .entry-header -->\n\n\t\t<div class=\"entry-meta entry-meta-header\">\n\t\t<span class=\"posted-on\"><span class=\"posted-on-label\">Post\u00e9 sur<\/span> <a href=\"https:\/\/ecolemaudkristen.com\/blog\/?p=1159\" rel=\"bookmark\"><time class=\"entry-date published\" datetime=\"2024-06-03T06:24:06+02:00\">3 juin 2024<\/time><time class=\"updated\" datetime=\"2024-07-04T09:37:49+02:00\">4 juillet 2024<\/time><\/a><\/span>\t<\/div><!-- .entry-meta -->\n\t\t\n\t<div class=\"entry-content apercu\">\n\t\t\t\t<div class=\"thumb-apercu\">\n\t\t\t\t\t\t\t<figure class=\"post-thumbnail\">\n\t\t\t\t\t<a href=\"https:\/\/ecolemaudkristen.com\/blog\/?p=1159\">\n\t\t\t\t\t\t<img loading=\"lazy\" decoding=\"async\" width=\"1878\" height=\"540\" src=\"https:\/\/ecolemaudkristen.com\/blog\/wp-content\/uploads\/2024\/05\/Bandeau-1.png\" class=\"img-featured img-responsive wp-post-image\" alt=\"\" srcset=\"https:\/\/ecolemaudkristen.com\/blog\/wp-content\/uploads\/2024\/05\/Bandeau-1.png 1878w, https:\/\/ecolemaudkristen.com\/blog\/wp-content\/uploads\/2024\/05\/Bandeau-1-300x86.png 300w, https:\/\/ecolemaudkristen.com\/blog\/wp-content\/uploads\/2024\/05\/Bandeau-1-1024x294.png 1024w, https:\/\/ecolemaudkristen.com\/blog\/wp-content\/uploads\/2024\/05\/Bandeau-1-768x221.png 768w, https:\/\/ecolemaudkristen.com\/blog\/wp-content\/uploads\/2024\/05\/Bandeau-1-1536x442.png 1536w, https:\/\/ecolemaudkristen.com\/blog\/wp-content\/uploads\/2024\/05\/Bandeau-1-600x173.png 600w\" sizes=\"auto, (max-width: 1878px) 100vw, 1878px\" \/>\t\t\t\t\t<\/a>\n\t\t\t\t<\/figure>\n\t\t\t\t\t<\/div>\n\t\t<a href=\"https:\/\/ecolemaudkristen.com\/blog\/?p=1159\">\n\t\t<div class=\"content-apercu\">\n\t\t\t\n\t\t\t\t<p>Avez-vous regrett\u00e9 de ne pas r\u00e9ussir \u00e0 canaliser votre intuition ?<br \/> Si vous avez envie vous <span style=\"color: #800000;\">connecter \u00e0 votre 6e<\/span> sens sans savoir comment faire ni par o\u00f9 commencer, ou si les r\u00e9sultats que vous avez obtenu en tirant les cartes vous ont bluff\u00e9(e) \u2013 mais parfois frustr\u00e9(e) \u2013 je vais partager ici mes d\u00e9couvertes issues de 36 ann\u00e9es de recherche et de pratique\u2026<br \/> Et vous proposez quelques conseils pour progresser\u00a0:\t\t<\/div>\n\t\t\t<\/a>\n\t<\/div><!-- .entry-content -->\n\n\t<div class=\"article-link\" style=\"margin-top:30px; margin-bottom: 50px;\">\n\t\t<p style=\"text-align: center;\"><button style=\"text-align: center; background: #ffffff; border: 3px solid #00A7CC; border-radius: 3px; padding: 10px 30px; font-weight: bold; color: #000000; display: inline-block;\"><a href=\"https:\/\/ecolemaudkristen.com\/blog\/?p=1159\"><span style=\"color: #00a7cc; font-size: 18px;\">Continuer la lecture<\/span><\/a><\/button><\/p>\n\t<\/div>\n\t\n\t\n<\/article><!-- #post-## -->\n\n<style type=\"text\/css\">\n\tfooter > span > a{display: none;}\n\t.apercu{\n\t\tmax-height: 680px;\n\t\toverflow: hidden;\n\t\tmargin-bottom: 30px;\n\t}\n\t.apercu:after {\n\t\tbackground-image: linear-gradient(180deg,hsla(0,0%,100%,0),#fffcf7 72%);\n\t\tbottom: 110px;\n\t\tcontent: \"\";\n\t\tdisplay: block;\n\t\theight: 200px;\n\t\tleft: 0;\n\t\tposition: absolute;\n\t\twidth: 100%;\n\t\tz-index: 10;\n\t}\n\t.addtoany_share_save_container{\n\t\tdisplay: none;\n\t}\n\n\t.apercu .wp-caption, .apercu hr{\n\t\tdisplay: none;\n\t} \n\n\t.apercu > .thumb-apercu, .post-thumbnail {\n    \tmax-height: 305px;\n    \toverflow: hidden;\n    \tbox-shadow: inset 0px -10px 29px rgb(0 0 0 \/ 4%);\n    \t\/*margin-bottom: 20px;*\/\n\t}\n\n\t.entry-meta-footer:after {\n\t\tborder-bottom: 4px solid #fff !important;\n\t}\n\n\t.content-apercu{\n\t\tbackground: #b3b0b017;\n\t\tpadding: 2%;\n    \tpadding-top: 20px;\n\t}\n\n\t#post-695 > div.entry-content.apercu > div.thumb-apercu > figure > a > img, #post-166 > div.entry-content.apercu > div.thumb-apercu > figure > a > img,\n\t#post-119 > div.entry-content.apercu > div.thumb-apercu > figure > a > img{\n\t\t    max-width: 190px;\n\t}\n\n\t#post-707 > div.entry-content.apercu > div.thumb-apercu > figure > a > img{\n\t\t    max-width: 160px;\n\t}\n\n\t #post-526 > div.entry-content.apercu > div.thumb-apercu > figure > a > img,\n\t#post-322 > div.entry-content.apercu > div.thumb-apercu > figure > a > img{\n\t\t    max-width: 370px;\n\t}\n\n<\/style>\n<article id=\"post-707\" class=\"post-707 post type-post status-publish format-standard hentry category-seminaire-tarot tag-tarot\" itemscope=\"itemscope\" itemtype=\"http:\/\/schema.org\/BlogPosting\" itemprop=\"blogPost\">\n\n\t\t<div class=\"entry-meta-alt\">\n\t\t<ul>\n\t\t\t<li><i class=\"fa fa-user\"><\/i> <span class=\"byline\"> Par <span class=\"author vcard\">Maud Kristen<\/span><\/span><\/li>\n\t\t\t\t\t<\/ul>\n\t<\/div>\n\t\t\n\t<header class=\"entry-header\">\n\t\t<h2 class=\"entry-title2\" ><a href=\"https:\/\/ecolemaudkristen.com\/blog\/?p=707\" rel=\"bookmark\">Qui L&rsquo;Amoureux va-t-il choisir<\/a><\/h2>\t<\/header><!-- .entry-header -->\n\n\t\t<div class=\"entry-meta entry-meta-header\">\n\t\t<span class=\"posted-on\"><span class=\"posted-on-label\">Post\u00e9 sur<\/span> <a href=\"https:\/\/ecolemaudkristen.com\/blog\/?p=707\" rel=\"bookmark\"><time class=\"entry-date published\" datetime=\"2023-04-24T17:42:47+02:00\">24 avril 2023<\/time><time class=\"updated\" datetime=\"2023-12-05T09:49:06+01:00\">5 d\u00e9cembre 2023<\/time><\/a><\/span>\t<\/div><!-- .entry-meta -->\n\t\t\n\t<div class=\"entry-content apercu\">\n\t\t\t\t<div class=\"thumb-apercu\">\n\t\t\t\t\t\t\t<figure class=\"post-thumbnail post-thumbnail-single\">\n\t\t\t\t\t<a href=\"https:\/\/ecolemaudkristen.com\/blog\/?p=707\">\n\t\t\t\t\t\t<img src=\"https:\/\/ecolemaudkristen.com\/blog\/wp-content\/uploads\/2023\/04\/Amoureux-convert-1-551x1024.png\" class=\"img-featured img-responsive wp-post-image\" alt=\"\" decoding=\"async\" loading=\"lazy\" sizes=\"(max-width: 800px) 100vw, 800px\">\t\n\t\t\t\t\t<\/a>\n\t\t\t\t<\/figure>\n\t\t\t\t\t\t<\/div>\n\t\t<a href=\"https:\/\/ecolemaudkristen.com\/blog\/?p=707\">\n\t\t<div class=\"content-apercu\">\n\t\t\t\n\t\t\t\t<p><span style=\"color: #993300;\">L\u2019amoureux, VIe lame du Tarot, fait r\u00eaver\u2026<\/span><br \/> Mais qu\u2019annonce-t-il en synth\u00e8se dans un tirage sur une question sentimentale ?<\/p> <p><span style=\"color: #993300;\">Et que peut signifier cette carte en r\u00e9ponse \u00e0 une question pas franchement glamour, comme l\u2019obtention d\u2019une mutation ou d\u2019un logement ?<\/span><br \/> Si cet arcane est si difficile \u00e0 interpr\u00e9ter \u2013je vais vous proposer des cas pratiques dans cet article &#8211; c\u2019est parce que la<span style=\"color: #993300;\"> vedette de la\t\t<\/div>\n\t\t\t<\/a>\n\t<\/div><!-- .entry-content -->\n\n\t<div class=\"article-link\" style=\"margin-top:30px; margin-bottom: 50px;\">\n\t\t<p style=\"text-align: center;\"><button style=\"text-align: center; background: #ffffff; border: 3px solid #00A7CC; border-radius: 3px; padding: 10px 30px; font-weight: bold; color: #000000; display: inline-block;\"><a href=\"https:\/\/ecolemaudkristen.com\/blog\/?p=707\"><span style=\"color: #00a7cc; font-size: 18px;\">Continuer la lecture<\/span><\/a><\/button><\/p>\n\t<\/div>\n\t\n\t\n<\/article><!-- #post-## -->\n\n<style type=\"text\/css\">\n\tfooter > span > a{display: none;}\n\t.apercu{\n\t\tmax-height: 680px;\n\t\toverflow: hidden;\n\t\tmargin-bottom: 30px;\n\t}\n\t.apercu:after {\n\t\tbackground-image: linear-gradient(180deg,hsla(0,0%,100%,0),#fffcf7 72%);\n\t\tbottom: 110px;\n\t\tcontent: \"\";\n\t\tdisplay: block;\n\t\theight: 200px;\n\t\tleft: 0;\n\t\tposition: absolute;\n\t\twidth: 100%;\n\t\tz-index: 10;\n\t}\n\t.addtoany_share_save_container{\n\t\tdisplay: none;\n\t}\n\n\t.apercu .wp-caption, .apercu hr{\n\t\tdisplay: none;\n\t} \n\n\t.apercu > .thumb-apercu, .post-thumbnail {\n    \tmax-height: 305px;\n    \toverflow: hidden;\n    \tbox-shadow: inset 0px -10px 29px rgb(0 0 0 \/ 4%);\n    \t\/*margin-bottom: 20px;*\/\n\t}\n\n\t.entry-meta-footer:after {\n\t\tborder-bottom: 4px solid #fff !important;\n\t}\n\n\t.content-apercu{\n\t\tbackground: #b3b0b017;\n\t\tpadding: 2%;\n    \tpadding-top: 20px;\n\t}\n\n\t#post-695 > div.entry-content.apercu > div.thumb-apercu > figure > a > img, #post-166 > div.entry-content.apercu > div.thumb-apercu > figure > a > img,\n\t#post-119 > div.entry-content.apercu > div.thumb-apercu > figure > a > img{\n\t\t    max-width: 190px;\n\t}\n\n\t#post-707 > div.entry-content.apercu > div.thumb-apercu > figure > a > img{\n\t\t    max-width: 160px;\n\t}\n\n\t #post-526 > div.entry-content.apercu > div.thumb-apercu > figure > a > img,\n\t#post-322 > div.entry-content.apercu > div.thumb-apercu > figure > a > img{\n\t\t    max-width: 370px;\n\t}\n\n<\/style>\n<article id=\"post-322\" class=\"post-322 post type-post status-publish format-standard has-post-thumbnail hentry category-articles-maud-kristen category-seminaire-tarot tag-tarot\" itemscope=\"itemscope\" itemtype=\"http:\/\/schema.org\/BlogPosting\" itemprop=\"blogPost\">\n\n\t\t<div class=\"entry-meta-alt\">\n\t\t<ul>\n\t\t\t<li><i class=\"fa fa-user\"><\/i> <span class=\"byline\"> Par <span class=\"author vcard\">Maud Kristen<\/span><\/span><\/li>\n\t\t\t\t\t<\/ul>\n\t<\/div>\n\t\t\n\t<header class=\"entry-header\">\n\t\t<h2 class=\"entry-title2\" ><a href=\"https:\/\/ecolemaudkristen.com\/blog\/?p=322\" rel=\"bookmark\">&#8230; Et si Botticelli avait dessin\u00e9 Temp\u00e9rance, l\u2019arcane majeur n\u00b0 XIV du Tarot\u00a0?<\/a><\/h2>\t<\/header><!-- .entry-header -->\n\n\t\t<div class=\"entry-meta entry-meta-header\">\n\t\t<span class=\"posted-on\"><span class=\"posted-on-label\">Post\u00e9 sur<\/span> <a href=\"https:\/\/ecolemaudkristen.com\/blog\/?p=322\" rel=\"bookmark\"><time class=\"entry-date published\" datetime=\"2021-09-07T20:10:50+02:00\">7 septembre 2021<\/time><time class=\"updated\" datetime=\"2023-12-05T10:10:31+01:00\">5 d\u00e9cembre 2023<\/time><\/a><\/span>\t<\/div><!-- .entry-meta -->\n\t\t\n\t<div class=\"entry-content apercu\">\n\t\t\t\t<div class=\"thumb-apercu\">\n\t\t\t\t\t\t\t<figure class=\"post-thumbnail\">\n\t\t\t\t\t<a href=\"https:\/\/ecolemaudkristen.com\/blog\/?p=322\">\n\t\t\t\t\t\t<img loading=\"lazy\" decoding=\"async\" width=\"800\" height=\"800\" src=\"https:\/\/ecolemaudkristen.com\/blog\/wp-content\/uploads\/2021\/09\/MPCP6D2_DxO.jpg\" class=\"img-featured img-responsive wp-post-image\" alt=\"\" srcset=\"https:\/\/ecolemaudkristen.com\/blog\/wp-content\/uploads\/2021\/09\/MPCP6D2_DxO.jpg 800w, https:\/\/ecolemaudkristen.com\/blog\/wp-content\/uploads\/2021\/09\/MPCP6D2_DxO-300x300.jpg 300w, https:\/\/ecolemaudkristen.com\/blog\/wp-content\/uploads\/2021\/09\/MPCP6D2_DxO-150x150.jpg 150w, https:\/\/ecolemaudkristen.com\/blog\/wp-content\/uploads\/2021\/09\/MPCP6D2_DxO-768x768.jpg 768w, https:\/\/ecolemaudkristen.com\/blog\/wp-content\/uploads\/2021\/09\/MPCP6D2_DxO-600x600.jpg 600w\" sizes=\"auto, (max-width: 800px) 100vw, 800px\" \/>\t\t\t\t\t<\/a>\n\t\t\t\t<\/figure>\n\t\t\t\t\t<\/div>\n\t\t<a href=\"https:\/\/ecolemaudkristen.com\/blog\/?p=322\">\n\t\t<div class=\"content-apercu\">\n\t\t\t\n\t\t\t\t<hr \/> <p>En 2021, les arcanes majeurs du Tarot ont commenc\u00e9 l\u2019ann\u00e9e en d\u00e9filant pour la <span style=\"color: #800000;\">Maison Dior<\/span> dans un court m\u00e9trage sublime <span style=\"color: #800000;\"><em>Le Ch\u00e2teau du Tarot<\/em><\/span> sign\u00e9 <span style=\"color: #800000;\">Mateo Garrone<\/span> et tourn\u00e9 dans le <span style=\"color: #800000;\">ch\u00e2teau de Sammezzano<\/span> pour la collection printemps-\u00e9t\u00e9 2021.<\/p> <p>C\u2019\u00e9tait le choix de <span style=\"color: #800000;\">Maria Grazia Chiuri,<\/span> <span style=\"color: #800000;\">directrice artistique de la maison,<\/span> <span style=\"color: #800000;\">qui voulait sublimer l\u2019art divinatoire.<\/span> D\u2019abord en\t\t<\/div>\n\t\t\t<\/a>\n\t<\/div><!-- .entry-content -->\n\n\t<div class=\"article-link\" style=\"margin-top:30px; margin-bottom: 50px;\">\n\t\t<p style=\"text-align: center;\"><button style=\"text-align: center; background: #ffffff; border: 3px solid #00A7CC; border-radius: 3px; padding: 10px 30px; font-weight: bold; color: #000000; display: inline-block;\"><a href=\"https:\/\/ecolemaudkristen.com\/blog\/?p=322\"><span style=\"color: #00a7cc; font-size: 18px;\">Continuer la lecture<\/span><\/a><\/button><\/p>\n\t<\/div>\n\t\n\t\n<\/article><!-- #post-## -->\n\n<style type=\"text\/css\">\n\tfooter > span > a{display: none;}\n\t.apercu{\n\t\tmax-height: 680px;\n\t\toverflow: hidden;\n\t\tmargin-bottom: 30px;\n\t}\n\t.apercu:after {\n\t\tbackground-image: linear-gradient(180deg,hsla(0,0%,100%,0),#fffcf7 72%);\n\t\tbottom: 110px;\n\t\tcontent: \"\";\n\t\tdisplay: block;\n\t\theight: 200px;\n\t\tleft: 0;\n\t\tposition: absolute;\n\t\twidth: 100%;\n\t\tz-index: 10;\n\t}\n\t.addtoany_share_save_container{\n\t\tdisplay: none;\n\t}\n\n\t.apercu .wp-caption, .apercu hr{\n\t\tdisplay: none;\n\t} \n\n\t.apercu > .thumb-apercu, .post-thumbnail {\n    \tmax-height: 305px;\n    \toverflow: hidden;\n    \tbox-shadow: inset 0px -10px 29px rgb(0 0 0 \/ 4%);\n    \t\/*margin-bottom: 20px;*\/\n\t}\n\n\t.entry-meta-footer:after {\n\t\tborder-bottom: 4px solid #fff !important;\n\t}\n\n\t.content-apercu{\n\t\tbackground: #b3b0b017;\n\t\tpadding: 2%;\n    \tpadding-top: 20px;\n\t}\n\n\t#post-695 > div.entry-content.apercu > div.thumb-apercu > figure > a > img, #post-166 > div.entry-content.apercu > div.thumb-apercu > figure > a > img,\n\t#post-119 > div.entry-content.apercu > div.thumb-apercu > figure > a > img{\n\t\t    max-width: 190px;\n\t}\n\n\t#post-707 > div.entry-content.apercu > div.thumb-apercu > figure > a > img{\n\t\t    max-width: 160px;\n\t}\n\n\t #post-526 > div.entry-content.apercu > div.thumb-apercu > figure > a > img,\n\t#post-322 > div.entry-content.apercu > div.thumb-apercu > figure > a > img{\n\t\t    max-width: 370px;\n\t}\n\n<\/style><\/div>\n","protected":false},"excerpt":{"rendered":"","protected":false},"author":1,"featured_media":0,"parent":0,"menu_order":0,"comment_status":"closed","ping_status":"closed","template":"","meta":{"footnotes":""},"class_list":["post-811","page","type-page","status-publish","hentry"],"aioseo_notices":[],"_links":{"self":[{"href":"https:\/\/ecolemaudkristen.com\/blog\/index.php?rest_route=\/wp\/v2\/pages\/811","targetHints":{"allow":["GET"]}}],"collection":[{"href":"https:\/\/ecolemaudkristen.com\/blog\/index.php?rest_route=\/wp\/v2\/pages"}],"about":[{"href":"https:\/\/ecolemaudkristen.com\/blog\/index.php?rest_route=\/wp\/v2\/types\/page"}],"author":[{"embeddable":true,"href":"https:\/\/ecolemaudkristen.com\/blog\/index.php?rest_route=\/wp\/v2\/users\/1"}],"replies":[{"embeddable":true,"href":"https:\/\/ecolemaudkristen.com\/blog\/index.php?rest_route=%2Fwp%2Fv2%2Fcomments&post=811"}],"version-history":[{"count":2,"href":"https:\/\/ecolemaudkristen.com\/blog\/index.php?rest_route=\/wp\/v2\/pages\/811\/revisions"}],"predecessor-version":[{"id":921,"href":"https:\/\/ecolemaudkristen.com\/blog\/index.php?rest_route=\/wp\/v2\/pages\/811\/revisions\/921"}],"wp:attachment":[{"href":"https:\/\/ecolemaudkristen.com\/blog\/index.php?rest_route=%2Fwp%2Fv2%2Fmedia&parent=811"}],"curies":[{"name":"wp","href":"https:\/\/api.w.org\/{rel}","templated":true}]}}